120 + 7*h**4/6 + h. Let d(r) be the third derivative of w(r). Is d(4) composite?
False
Suppose 2*h - 12 = -2*o, 4*h - 3*o = 9 + 8. Suppose -x + 3990 = h*a, 3*x + 871 = -4*a + 4052. Is a a composite number?
True
Let w(g) be the second derivative of 19*g**4/4 + 8*g**3/3 - 24*g**2 + 69*g. Is w(7) composite?
False
Let i = -154 + 157. Let q(r) = 468*r - 1 - 3 + 5. Is q(i) composite?
True
Suppose 36*t + 14*t = 593300. Let f = 20027 - t. Is f prime?
True
Suppose m = -j + 92, 0 = j - 4*j - m + 278. Suppose j = -z + 280. Is z a prime number?
False
Let g(i) be the second derivative of 320*i**3/3 + 3*i**2 + 7*i. Let v be g(1). Suppose -4*o + 6*o - 2*w - 630 = 0, -2*o + v = 2*w. Is o composite?
True
Let h = 950 - -193. Is (5/3)/(3/h) prime?
False
Let k be (108/81)/(1/78). Let y = k - -2858. Is y composite?
True
Let p(x) = 26664*x**2 + 2*x + 3. Is p(1) composite?
False
Suppose 12*q = 3*l + 7*q - 197, -5*l + 355 = -3*q. Suppose 70*m - l*m = -23692. Is m a prime number?
True
Let n = -106 - -148. Is 7*3/n + 137343/6 a prime number?
False
Suppose 238*o - 626698 = 4341076. Is o composite?
False
Let x = 7940 + 103271. Is x a prime number?
True
Let i(k) = 780290*k**3 + 2*k**2 - 32*k + 29. Is i(1) composite?
True
Suppose 0 = -3*l - 0 + 6, 3*t + 21 = 3*l. Let w be (-1 - 4)*13*142/t. Let i = -709 + w. Is i composite?
True
Suppose -2*k + 5*h = 47 - 9, 41 = -k - 3*h. Let s = k + 34. Suppose 2*r = 3*r - n - 562, -s*r = 3*n - 2770. Is r a composite number?
False
Suppose 0 = 3*y + 3*x, 2*y + 3*x = -2*y - 2. Let j(w) = 2*w**2 - 3. Let f be j(y). Suppose -f*z + 421 = -4. Is z a prime number?
False
Suppose u = 4*u. Suppose u*j - v - 966 = -j, j - 972 = -2*v. Let f = -289 + j. Is f a prime number?
False
Let l(u) = 3*u**3 - 2*u + 34. Let s(c) = 2*c - 7. Let v be s(8). Is l(v) prime?
True
Let h(q) = -83*q + 47. Suppose 9 = -22*p + 19*p, -3*n + 4*p = 27. Is h(n) a prime number?
False
Suppose 0 = -3*l + 3*o - 9, 0 = -3*l + o - 35 + 30. Is (l - -1) + 787 + 1 + 1 prime?
False
Is ((-1787524)/10)/(-4*((-38)/20 - -2)) prime?
True
Suppose -99*d = 189*d - 61063776. Is d composite?
True
Suppose 10*w - 19*w = -168543. Let p = -8916 + w. Is p prime?
True
Let n(o) = -4896*o + 4217. Is n(-9) composite?
False
Let y = -119 - -65. Is 12/y - 266063/(-63) composite?
True
Is (-29886)/102*37/(-1) prime?
False
Let s(m) = 10*m**2 - 11*m - 168. Let u be s(15). Suppose -z = -5*d + 4*d - 1196, -5*z = 5*d + 6000. Let h = u + d. Is h a composite number?
False
Suppose 2*i - 8 = 0, -63015 = -j + 14*i - 16*i. Is j composite?
True
Suppose -17 - 16 = 3*c. Let i = c + 16. Suppose -1267 = -i*s - 2*w, -4*s = -4*w + 176 - 1184. Is s a prime number?
False
Let n(s) = 8*s**2 + s - 1. Let p be n(-5). Let u = 97 + p. Is u composite?
True
Is 121175 + 3 + 5 + -14 composite?
False
Suppose -75134 = -i + k, -i + 34924 + 40208 = k. Is i a composite number?
False
Let t = 277 - -534. Is -14 + (-4 - -9) + t composite?
True
Let r(a) = -46*a**3 + 11*a**2 + 8*a - 27. Is r(-10) prime?
True
Let g be -3 + (-6)/(-3) + 3. Let z be 0/(g - (1 + -1)). Suppose 4*o = 2*y + 758, -y + 2 + 1 = z. Is o a prime number?
True
Is 5749791/6*236/118 a composite number?
True
Let l = -25991 + 71262. Is l a composite number?
True
Suppose -10*z - 49*z + 411492 = -532331. Is z prime?
False
Let b be (-1296865)/5 + (19 - 11). Is b/(-35) + -4 + (-64)/(-14) a composite number?
False
Let d = -2794122 - -4530269. Is d a composite number?
True
Let i(r) = 2*r**2 + 4*r + 2. Let t be i(-2). Suppose -224*p + 222*p = -10. Suppose p*a + 3*u = -t*u + 5805, 3485 = 3*a + 2*u. Is a prime?
True
Let l(d) = 113*d**2 + 99*d + 1615. Is l(-27) prime?
False
Let p(o) = 0 + 5 - 2*o + 1 - 3*o**3 + 0 - 4*o**2. Let n = 722 + -729. Is p(n) composite?
False
Let p = 74 + -122. Is 6*((-45848)/p + -4) prime?
False
Suppose 9*m - 9510 = 340347. Suppose -3808 + m = t. Is t a composite number?
True
Let f = -618 - -632. Is (4 - 54812/(-28)) + (-8)/f prime?
False
Let x = -27 - -24. Let l = x + 5. Let s(c) = 130*c + 3. Is s(l) a composite number?
False
Suppose 67 + 163 = 5*q. Let z = q - 47. Let l(a) = 22*a**2 - 3*a - 3. Is l(z) prime?
False
Suppose 0 = -7*g + 14*g - 14. Suppose g*f + f = 30. Suppose l - n + 83 = 501, 2*n = -f. Is l composite?
True
Suppose 0 = w + 1 - 6. Suppose z + 3*f + 0 = -9, -z - 2*f - 5 = 0. Suppose 0 = -z*j + 3, -w*j - 15 = 2*u - 522. Is u prime?
True
Suppose -21*m + 24*m = 402. Suppose 0 = -m*d + 139*d - 23065. Is d a prime number?
False
Is ((-37511958)/330)/((1/5)/(-2 - -1)) prime?
True
Let x = 17071 + -12087. Let r = -1325 + x. Is r composite?
False
Let w(n) = n**3 - 14*n**2 - 16. Let f be w(18). Let a = f - 589. Suppose -a = -x + 3*t, 1839 = 4*x + t - 899. Is x a prime number?
False
Let u(h) be the second derivative of 47*h**3/6 - 18*h**2 + 13*h - 1. Is u(22) a prime number?
False
Let r(t) be the third derivative of t**6/120 - t**5/30 - t**4/24 + 2*t**3/3 - 12*t**2. Let u be r(2). Is (3/u + (-1)/2)*427 a composite number?
True
Suppose 2*c - 44 = -18. Let b(t) = -9 - t**3 + 6*t + 6*t**2 + t + 5*t - c*t. Is b(4) prime?
True
Suppose 4*n - 32*a = -33*a + 825793, 3*a = 2*n - 412879. Is n a composite number?
False
Let q = -2773 + 4322. Let k = 1818 - 1006. Suppose k = 3*m - q. Is m a prime number?
True
Let n(a) = 108*a + a + 1 + 3. Is n(3) prime?
True
Let a = -3459 + 3800. Suppose -4*z - 307 = 341. Let y = z + a. Is y a prime number?
True
Let x(b) = 59309*b - 9. Is x(4) composite?
True
Suppose 0 = -h - 4*h - 4*k + 10, 5*h - 15 = -3*k. Let p(g) be the first derivative of 5*g**4/4 - 5*g**3/3 - 3*g**2 - 5*g - 66. Is p(h) composite?
False
Let j(v) = 197*v**3 - 9*v**2 + 16*v - 98. Is j(10) a composite number?
True
Suppose -476 - 564 = -2*d + 2*w, 8*d - 4169 = -w. Is d a composite number?
False
Let f = 43550 - 12243. Is f prime?
True
Let v(u) = 3*u**3 + 6*u**2 + 13*u - 6. Let y be v(9). Suppose y = 13*w - 5*w. Is -1 - (w/(0 - 1) + 0) composite?
False
Suppose 15*z = 3*i + 16*z - 189172, 4*i = 3*z + 252251. Is i composite?
False
Let g be 1/(3/3) - -1. Suppose -w + 142 = g*a, 6*w - 6 = 3*w. Suppose 0 = -z + a + 384. Is z a composite number?
True
Let p(d) be the third derivative of -17*d**6/120 - d**5/6 - 5*d**4/12 + 13*d**3/6 - d**2 - 32. Is p(-6) prime?
False
Let a(v) = 2*v - 31. Let l be a(9). Let h(w) = 18*w**2 + 13*w - 6. Let b(s) = -18*s**2 - 13*s + 6. Let y(z) = -3*b(z) - 2*h(z). Is y(l) a composite number?
True
Let x = 526 - 307. Suppose 16*p = 213 + x. Is 4 + 102/(-27) - (-89229)/p composite?
True
Let w(d) = -207*d**2 - 4*d + 14. Let m be w(-6). Let g = -4441 - m. Suppose -h + g = 1228. Is h a composite number?
True
Let g(r) = -r**3 + r**2 + 3*r + 4. Let u = -31 - -35. Suppose 3 = -4*t + 5*m, 0*m + u*m + 4 = 0. Is g(t) composite?
True
Let x(p) = 3561*p + 778. Is x(23) prime?
False
Let u be (1/(-4) - -1) + 29052/(-16). Let r = u + 3214. Is r a prime number?
True
Suppose 2*p = r - 121, 2*p + 7 + 3 = 0. Suppose -5 = d - r. Suppose 104*v + 9070 = d*v. Is v a composite number?
True
Suppose -p = 23922 - 82553. Is p a prime number?
True
Suppose 0 = -41*w + 335265 + 52226. Is w composite?
True
Let o be 10/35 + 271/7. Let n = o + -37. Suppose a + n*a + 3*u - 11358 = 0, -2*a - 3*u + 7571 = 0. Is a a prime number?
False
Let t = 60 - 51. Let l = t + -4. Suppose -3*g - 4*s + 689 = 0, -s + 1304 = l*g + 184. Is g a composite number?
False
Let o(v) = -6739*v - 316. Is o(-11) prime?
False
Suppose -3*s + 119*u + 661537 = 123*u, s - 220514 = -3*u. Is s prime?
True
Let t(h) = 2*h**2 + 27*h - 2. Let w be t(22). Suppose 1145 = 5*d - w. Is d a composite number?
False
Suppose -16*d + 18*d - 128 = 0. Suppose -1173 = -67*i + d*i. Is i a prime number?
False
Suppose -343*r + 1241692 = 4*b - 347*r, -7*b + 5*r = -2172961. Is b a prime number?
True
Let f(r) = 5*r**3 + 5*r**2 - 4*r + 13. Let j be (-3)/(39/12 - 4). Suppose 2*x - j = 6. Is f(x) composite?
False
Suppose -2 = -2*f + 6. Let y(j) = 18*j**2 - 19*j - 56. Let s be y(-4). Suppose -f = -2*x, -67 = -b - x + s. Is b a composite number?
False
Let h(j) = -14*j + 36*j**2 - j + 4*j + 21. Is h(2) a prime number?
False
Let d = -67430 - -127263. Is d prime?
True
Let p(z) = 16495*z - 104. Is p(7) a prime number?
True
Let j = -340882 - -712661. Is j a composite number?
False
Suppose 61904 + 29889 = 23*z. Is z composite?
True
Let t = -11816 + 12631. Is t p